t common divisor of 39 and a?
39
Let s(w) = w**2 + w - 70. Let r be s(9). What is the highest common factor of r and 32?
4
Let z(i) = -i**2 + 10*i - 2. Let t be z(7). Suppose 2*v = 4*h + 36, -3*h - 84 = -4*v - 7*h. Suppose -l = v - 77. What is the greatest common divisor of l and t?
19
Let o = 235 - 139. Suppose 4*n + o = 744. What is the highest common divisor of n and 18?
18
Suppose 0 = -5*n - 4*d - 4, 5*n - 4*d = 4 - 0. Let x be n + 171 + 0 - 3. What is the greatest common factor of x and 24?
24
Let x = 1338 - 1303. Suppose -2*g = -4*g + 38. Let z = x - g. What is the highest common factor of z and 32?
16
Let k(u) = u**3 - 29*u**2 - 61*u - 22. Let x be k(31). What is the highest common divisor of 387 and x?
9
Suppose 2*c + 374 = -4*o, -c + 445 = -5*o + c. Let m be (70/49)/((-1)/o). Calculate the greatest common divisor of 5 and m.
5
Suppose -594 = -801*g + 799*g. What is the greatest common divisor of 132 and g?
33
Let g(y) = y**2 - 3*y - 42. Let p be g(-10). Let c(l) = -27*l + 1. Let q be c(-3). Let s be q/10 + (-1)/5. Calculate the highest common factor of p and s.
8
Let y(m) = m**2 - 5*m - 1. Let i be y(-6). Suppose 2*b + i = 7*b. Let w be (-12)/(-120)*4 + 21/10*6. What is the greatest common factor of w and b?
13
Let o be 0/3 - 1 - -9. Let n(a) = a**3 + 12*a**2 - 15*a - 18. Let r = -19 + 6. Let h be n(r). What is the greatest common divisor of o and h?
8
Let o(r) = r**3 + r**2 - 3*r - 3. Let y be o(3). Let x(p) = -2*p + 18. Let d = 59 - 53. Let t be x(d). What is the highest common divisor of y and t?
6
Let m = -54 - -93. Let r be -8*(-3)/72 - (-155)/3. Calculate the highest common divisor of m and r.
13
Let c be (-98)/(-4)*(-2)/(-1). Suppose 0 = -2*m - 8, -5*m = x + 2*x + 2. Let a = 1 + x. What is the highest common factor of c and a?
7
Let l be 28200/96 + (-2)/(-8). Calculate the highest common factor of 6 and l.
6
Suppose -5*k - 4*m = -9, -5*k + 0*m + 3*m = -2. Suppose -14 - 6 = -2*p. Calculate the highest common divisor of k and p.
1
Suppose -3*j = 5*a - 3705, 0 = -24*a + 21*a - 4*j + 2212. Calculate the greatest common factor of 96 and a.
24
Let x = -369 + 669. What is the highest common divisor of x and 72?
12
Let k(m) = m**2 + 2*m. Let n be k(8). Let s = 29 - 30. Let g be ((-6)/18)/(s/30). Calculate the greatest common factor of g and n.
10
Let g = -1245 - -1313. What is the greatest common factor of g and 17?
17
Let d = -1118 - -1895. Calculate the highest common divisor of d and 21.
21
Let l(r) = r**3 + 18*r**2 + 17*r - 21. Let s be l(-17). Let y = 32 + s. Let x be (-15)/(y/3 - 4). Calculate the greatest common factor of 18 and x.
9
Let i(n) = -2*n + 16. Let x be i(-11). Suppose 3*q - 61 = 5*k + 199, -q - 5*k + 120 = 0. What is the highest common factor of q and x?
19
Suppose 7*c + 19 = -16. Let t be 5392/10 + 1/c. Calculate the highest common divisor of 49 and t.
49
Suppose 5*j = -455 - 95. Let z = j - -182. Let t be -3 - ((-25)/1 + -2). What is the highest common divisor of t and z?
24
Let j = 485 + -387. Let a = 86 + 58. Let r be (-10)/25 + a/10. Calculate the highest common factor of r and j.
14
Suppose 5*q = -4*o + 168, 3 = -6*o + 5*o. Suppose -5*x - 9 = -2*p, 5*p - 12 = 3*p + 4*x. Calculate the greatest common divisor of q and p.
12
Let g(q) = q**3 + 4*q**2 - 6*q. Let o be g(-5). Suppose l + 24 + 4 = -2*k, -k - o*l = 5. Let n be -1 - k/3 - -1. What is the highest common factor of 25 and n?
5
Let w = 36 + -4. Let d be 7 - (-5)/((5 - 4) + 0). Calculate the highest common divisor of d and w.
4
Let q = -27 + 30. Let l be -4 + (-9)/(-3) + q. Calculate the greatest common divisor of l and 10.
2
Suppose 13*l - 5544 = -15*l. What is the highest common factor of l and 72?
18
Let t = -440 + 638. Let i be (1/(-1))/((-1)/22). What is the greatest common factor of t and i?
22
Let p be 553/28 + (-1)/(-4). Let i = 10 + p. Let j be 3/1*8*5. Calculate the highest common factor of i and j.
30
Let m(w) = w + 13. Let o be m(-8). Let i = -3606 + 3641. What is the highest common divisor of o and i?
5
Let v = -15 - -23. Let c = v + 46. What is the highest common divisor of c and 18?
18
Let f(l) = 98*l - 492. Let x be f(12). What is the highest common factor of x and 114?
114
Let k(z) be the second derivative of 3*z**3/2 - 4*z**2 + 9*z. Let w be k(2). Calculate the highest common factor of w and 20.
10
Let l = 425 + -415. Calculate the greatest common factor of l and 55.
5
Let o be -3*(-1 + -524)/5. What is the highest common divisor of o and 135?
45
Let p be ((-247)/95)/(4/(-20)). Calculate the highest common factor of 117 and p.
13
Let r(q) = 2*q**2 - 28*q - 16. Let a be r(12). Let s = 78 + a. What is the greatest common divisor of 126 and s?
14
Let n be (60/24)/((-2)/(-4)). Calculate the greatest common divisor of 40 and n.
5
Suppose -5*p + 15 = 0, 0*p - p - 9 = -b. Calculate the greatest common factor of 21 and b.
3
Suppose f - 9 = 3. Let b be (-16)/(-16) - (-2 + 0). Suppose 0 = 3*p - 4*n + 55 - 371, b*p - 328 = -2*n. Calculate the highest common divisor of p and f.
12
Let x be -2*1/11 - (-21529)/11. Calculate the greatest common factor of x and 103.
103
Suppose -1 = -5*p + 9. Suppose -p*s = 3*s - 70. Let t(v) = 11*v - 20. Let h be t(5). Calculate the highest common factor of s and h.
7
Suppose 2*a + 51*b = 52*b + 715, 2*a = -b + 725. What is the highest common divisor of 504 and a?
72
Let x = 1 + 7. Suppose -4*l - m + 4 + 9 = 0, l + m - 7 = 0. Calculate the greatest common factor of x and l.
2
Let y = -318 - -426. Calculate the greatest common factor of y and 27.
27
Let l be (2/(-3))/(18/(-2565)). Let h be (l/15)/((-2)/(-6)). What is the greatest common divisor of 133 and h?
19
Let k(f) = -27*f + 260. Let w be k(9). Let n = 469 - 333. What is the highest common divisor of w and n?
17
Let c = -30 + 26. Let x(v) = v**3 + 5*v**2 - 2. Let j be x(c). What is the greatest common divisor of 42 and j?
14
Let y(x) be the second derivative of -5*x**4/12 + x**3/6 + 3*x**2 - x. Let k be y(4). Let m = -46 - k. What is the highest common divisor of m and 36?
12
Suppose 0*t = -5*t - 4*r + 7, 0 = -4*t + 3*r + 18. Suppose -t*w - 6 = -i, 5*w + 43 = 4*i - 2. What is the greatest common divisor of 60 and i?
15
Let c = 64 + -27. What is the highest common factor of 37 and c?
37
Let l(x) be the first derivative of 19*x**3/3 - 5*x**2/2 + 4*x - 24. Let s be l(2). Suppose 0*j + 10 = j. What is the greatest common factor of j and s?
10
Let d = -1568 - -1700. Calculate the greatest common factor of 36 and d.
12
Suppose 3*f - 9*f = -30. Suppose -r + 11 = 7, 4*r = -f*d + 166. Suppose -40 = -0*k - 2*k. Calculate the greatest common divisor of k and d.
10
Let p = -2 - -5. Let x be ((-46)/3)/((-2)/p). Let a be 138/30*(2 - (-9)/3). Calculate the greatest common divisor of x and a.
23
Suppose 0 = 27*t - 8*t - 2356. What is the greatest common divisor of t and 93?
31
Let m be 16/2*1118/52. What is the greatest common factor of 43 and m?
43
Suppose -2*n + 0*n + 8 = 0. Suppose 3*d + n = d. Let c be d/5 - (-368)/20. Calculate the highest common divisor of 6 and c.
6
Let s(r) = -3*r + 8*r - 11*r - 5*r + 6 + 2*r**2. Let o be s(6). Calculate the highest common divisor of o and 132.
12
Let o(l) = l**3 - 4*l**2 + 5*l - 1. Let n be o(4). Suppose f = -116 - 73. Let b = -132 - f. What is the greatest common divisor of n and b?
19
Let y(z) = 47*z**3 + z**2 - z + 1. Suppose 3*b - b - 2 = 0. Let u be y(b). Suppose 1657 = 77*n - 3887. Calculate the greatest common divisor of n and u.
24
Suppose -2*o - 885 = -5*k + o, 3*k + o - 545 = 0. Let c = k + -70. What is the greatest common divisor of 22 and c?
22
Suppose 254 = -6*s + 8*s - 3*b, -2*b = s - 120. Calculate the greatest common factor of s and 217.
31
Let q = -1151 - -1323. Calculate the greatest common factor of q and 43.
43
Let l(j) = 2*j - 14. Let k be l(7). Let o = 13 + k. What is the highest common divisor of o and 104?
13
Suppose 53*s - 12 = 47*s. What is the highest common divisor of 14 and s?
2
Suppose -6*u + 11 = -43. Suppose u = 4*r + l, 2*l = 5*r - 23 + 2. Calculate the highest common factor of r and 33.
3
Let o(w) be the third derivative of 5*w**2 + 0*w + 1/2*w**3 + 0 - 1/24*w**4. Let x be o(-9). What is the greatest common divisor of x and 48?
12
Let v be 480/(-14)*14/(-2). Suppose -2153*g = -2145*g - 160. Calculate the